8/12)/((-2)/(-4)). Suppose -b*m + 2 + 3 = 2*a, -5*a + 16 = 4*m. Suppose -a*l = -27 - 13. What are the prime factors of l?
2, 5
Let f = -110 - -176. Suppose -2*h = h - f. Let c = h + -11. List the prime factors of c.
11
Suppose -5 = 2*m - 7*m. Suppose -4*z = s + 1 + m, -4*z + 4 = 0. What are the prime factors of ((-12)/8)/(s/92)?
23
Suppose -2*w - 4*i = -2264, 4*w = 16*i - 13*i + 4583. What are the prime factors of w?
2, 571
Let x = 79 + 583. What are the prime factors of x?
2, 331
Let z be 14/35 - (-504)/15. Suppose p - z = -p. List the prime factors of p.
17
Let d be ((-32)/24)/(2/3). Let w be -1*((-8)/(-1))/d. Suppose -21 = -4*h + 5*x, 0 = 2*h + 2*h - w*x - 24. What are the prime factors of h?
3
Let d = -37 + 14. Let k = d + 28. Suppose -x - k = 3*z - 6*x, 17 = z + 3*x. What are the prime factors of z?
5
Suppose j = 5*k - 8*k + 67, -k = 3*j - 241. What are the prime factors of j/(6/(12/4))?
41
Let r = 218 - 273. Suppose 0*g - g = -110. Let v = r + g. What are the prime factors of v?
5, 11
Let v(t) = -t**3 - 8*t**2 - t - 4. Let n be v(-8). Suppose -264 + 72 = -n*l - 4*s, s - 183 = -4*l. List the prime factors of l.
3, 5
List the prime factors of (-300)/(-800) - 14029/(-8).
2, 877
Suppose 38*x + 9920 = 54*x. List the prime factors of x.
2, 5, 31
Let z = 2369 + -1272. What are the prime factors of z?
1097
Let q = 138 + -143. Let w(i) = -50*i - 11. What are the prime factors of w(q)?
239
Suppose 33 - 112 = -p. Suppose 2*d - 2*a + 3 = 43, 4*d - 3*a = p. List the prime factors of d.
19
Let s = 2059 + 538. List the prime factors of s.
7, 53
Let r(y) = -y**2 - 10*y + 14. Suppose -a + 33 = -4*a. Let k be r(a). What are the prime factors of k + (-4)/(8/(-14))?
2, 5
Suppose -5*c = -2249 - 3086. What are the prime factors of c?
11, 97
Let y be 6/3 + (4 - 3). Suppose -4*f - 20 = 0, 3*u + y*f + 8 = -7. Suppose u*b - 200 = -3*i - 4*b, -3*i = -4*b - 160. List the prime factors of i.
2, 3, 5
Let n = -4 - -10. Let g be (16/12)/(n/315). Let r = g - 45. List the prime factors of r.
5
Suppose 18343 = 17*k - 20689. What are the prime factors of k?
2, 7, 41
Let s = 301 - -9. List the prime factors of s.
2, 5, 31
Let q(x) = x + 7. Let b be q(-4). Suppose 4*y = b*y + 126. Suppose 0 = 2*l - 0*l + n - 60, 4*l - n - y = 0. List the prime factors of l.
31
Let y = -65 + 70. Suppose -y*d + 5*p + 150 + 175 = 0, 142 = 2*d + p. List the prime factors of d.
3, 23
Let t = -82 - -139. Suppose 0 = 2*x + 4*q - 8, 9*x + 16 = 6*x + q. Let o = x + t. What are the prime factors of o?
53
Let g(o) = 4*o + 44. Let q be g(-10). Suppose 0 = q*f - 4*s - 308, -3*f - f + 3*s + 303 = 0. What are the prime factors of f?
2, 3
Suppose 5*o + 3*f - 252 = 5*f, 72 = o + 5*f. What are the prime factors of o?
2, 13
Let m be (408/(-340))/(2/45). Let y be 2*((-128)/(-2))/(-2). Let f = m - y. What are the prime factors of f?
37
Let j(y) = -y**3 + 2*y**2 + 16*y + 2. Let s be j(-3). List the prime factors of (16/(-16))/(s/60).
2, 3, 5
What are the prime factors of 9/1 + (-85 - -3910)?
2, 3, 71
List the prime factors of (123/3)/(3/42).
2, 7, 41
Let s(o) = -3*o - 18. Let i be s(-6). Suppose p = -2*c + 25, -3*p = -4*c - 17 + 92. Suppose 2*x - c - 17 = i. What are the prime factors of x?
2
Let h = -89 + 200. Let j = 299 - h. List the prime factors of j.
2, 47
Let k(n) be the first derivative of 9*n**4/2 + n**3 + n**2/2 + n - 25. What are the prime factors of k(2)?
3, 53
Let r(w) = w**3 - 4*w**2 - 7*w + 5. Let h(q) = -5*q**3 + q**2 + q + 1. Let s be h(-1). Let y be r(s). Suppose -46 - y = -3*o. What are the prime factors of o?
3
Let l = 1 + 2. Suppose -4*h = -l*h - 9. Suppose -3 = o + 4*t + h, 4*o - 52 = 4*t. List the prime factors of o.
2
Let t = 1182 - -65. Suppose m - 5*s - 261 = 0, -5*m + 4*s - t = -10*m. List the prime factors of m.
251
Let h be (-12)/8*12/(-9). Suppose -4*q + h*q + 3 = -a, 3*a - q = 1. Let k(d) = 17*d**2 - 1. List the prime factors of k(a).
2
Let r be 70/15 + 2/(-3). Suppose -3*l + 47 = -2*w, -r*w - 4 = 3*l - 45. Suppose 5*i + 0*i - l = 0. What are the prime factors of i?
3
Let i(a) = -a - 1. Let u be i(-1). Suppose u = -2*h + 7*h. Suppose -2*c + 2*n + 44 = -h*n, 4*c - 5*n = 85. List the prime factors of c.
5
Suppose 3*v = -3*v + 1590. Let o = -127 + v. Suppose -4*i + 38 = -o. List the prime factors of i.
2, 11
Let z(y) = -y**3 + 5*y**2 - 6*y + 4. Let g be z(4). Let o(j) = 8*j**2 + 7*j + 1. List the prime factors of o(g).
101
What are the prime factors of 32130/16 - 116/928?
2, 251
Let r(y) = 36*y**2 - 23*y + 3. What are the prime factors of r(5)?
2, 197
Let p(y) = -5*y + 1. Let x be p(2). Suppose 0 = -3*w + w + 4. List the prime factors of (-195)/x + w/(-3).
3, 7
Let d(p) = p**2 - 5*p - 2. Let s be d(5). Suppose -o + 2*o = 4*a + 43, 0 = -5*a + 2*o - 56. Let u = s - a. What are the prime factors of u?
2
Suppose -r = 13*r - 7280. What are the prime factors of r?
2, 5, 13
Suppose 4 = -3*u - 5, 2*u - 14 = -4*o. Suppose -o*d + 5*g = 6*g - 19, -5*d = -g - 11. List the prime factors of (2 + -1)*(10 + d).
13
Let q be -2*41*3/6. Let h = q - -89. What are the prime factors of h?
2, 3
Let z(t) be the third derivative of t**5/60 + t**4/3 + t**3/2 + t**2. Suppose 2*y - 15*y - 104 = 0. List the prime factors of z(y).
3
Let v = 777 - 110. List the prime factors of v.
23, 29
Let z = 489 + -224. What are the prime factors of z?
5, 53
Let k(w) be the first derivative of 43*w**2/2 - 3*w - 9. List the prime factors of k(4).
13
Let h be (-10)/(-2)*28/35. Suppose 0 = -k + 4*n + 54, -4 = h*n + 4. List the prime factors of k.
2, 23
Suppose 3*k - k - 2322 = 0. What are the prime factors of k?
3, 43
Let h(g) = -2*g + 117. Let x(y) = -5*y + 351. Let q(l) = -11*h(l) + 4*x(l). List the prime factors of q(0).
3, 13
Suppose 2*l + 0*r + 3*r = 2738, -4*l + 2*r = -5476. What are the prime factors of l?
37
What are the prime factors of (33/((-330)/100))/(4/(-454))?
5, 227
Let s be 2*1*3/(-2). Let g be (s - (-10)/4)*-12. Suppose g*t - t - 40 = 0. What are the prime factors of t?
2
Let z = 214 + -63. What are the prime factors of z?
151
Suppose -4*l - 108 = -8*l. Let p = l + -14. What are the prime factors of p?
13
Suppose 7*l = -4*w + 2*l + 16, 4*l - 17 = w. List the prime factors of 1/w + 143 + -13.
3, 43
Let a = -85 - -1053. List the prime factors of a.
2, 11
Suppose 3*n + 1 = q, 17 = 3*q + 5*n - 0*n. Suppose -t + 4*u = -3*t - 16, -q*u - 26 = -3*t. List the prime factors of t/(-1 + (-18)/(-16)).
2
What are the prime factors of (12/16)/(2/1456) - 2?
2, 17
Let u = 104 - 99. Suppose 10*n - u*n = 530. What are the prime factors of n?
2, 53
Suppose v = 5*c - 3, 3*v = 3*c - 7*c + 10. Let r be 5/(10/3)*v. Suppose -3*k - 4*t + 63 = -0, 0 = 4*k - r*t - 59. What are the prime factors of k?
17
Let w be (-77)/(-22)*8/7. What are the prime factors of ((5 - w) + -3)*-10?
2, 5
Let q = 194 - -50. What are the prime factors of q?
2, 61
Suppose -1788 = 8*h - 4452. Suppose 0 = g - 4*g + h. What are the prime factors of g?
3, 37
Let n be (-5 - -5) + (-202)/2. Let y = n - -146. List the prime factors of y.
3, 5
List the prime factors of (58/(-116))/(((-1)/(-1826))/(-1)).
11, 83
Let a = 64 - 76. List the prime factors of 58/(-2 + (-27)/a).
2, 29
Suppose j = v, -v = 4*j + 14 + 1. Let i be v*3/(3/(-14)). Let c = i - 30. List the prime factors of c.
2, 3
Let k(r) = r**2 - 7*r + 4. Let d be k(7). Suppose d*p - 308 = -3*p. What are the prime factors of p?
2, 11
Suppose 38*x - 8 = 34*x. Suppose 5*i + 4*n + 153 - 518 = 0, 0 = 4*i + x*n - 286. What are the prime factors of i?
3, 23
What are the prime factors of -2 + 40/12 + 2840/12?
2, 7, 17
Suppose 2*z = -2*t + 950, 4*z + 5*t + 882 - 2785 = 0. Suppose 2*y = -2*y + z. List the prime factors of y.
2, 59
What are the prime factors of (-1 + 2)/(7/2191)?
313
List the prime factors of -12*12/(-9)*12.
2, 3
What are the prime factors of (-5206)/(1 + -5 - (3 - 5))?
19, 137
Suppose 0 = -3*s + 4 + 32. Suppose -q + 161 = -s. Suppose -4*u = f - q, -2*f + 92 + 2 = 2*u. What are the prime factors of u?
2, 3, 7
What are the prime factors of 2096 + (-11 - (-40)/2)?
5, 421
Suppose l = 17*m - 14*m + 3, 0 = -2*l + m - 4. List the prime factors of -1 + l - (406 + 2)/(-3).
2, 3, 11
What are the prime factors of (-36488)/(-56) + 24/56?
2, 163
Suppose 4*x + 4 = 4*d, 5*d - 45 = -4*x + x. Suppose 0 = -d*s + 235 - 79. Wh